ommon factor of s and 27?
27
Let w(n) = 2*n**2 + 150*n + 5502. Let f be w(-103). Calculate the highest common divisor of f and 1715.
245
Suppose 69 - 15 = -9*d. Let c(o) = o**2 - 14*o - 100. Let k be c(d). Calculate the greatest common divisor of k and 65.
5
Suppose 53*c - 116 = -29*c + 868. What is the greatest common factor of 309 and c?
3
Let m(a) = -a**3 - 8*a**2 - 4*a - 4. Let i be m(-8). Suppose -4*w + 9 - 9 = 0. Suppose w = 20*c - 18*c - 392. Calculate the greatest common divisor of c and i.
28
Suppose 0*d - 57 = -r - 3*d, 4*r + 5*d - 207 = 0. Suppose -5*f + r = -87. Calculate the highest common factor of f and 144.
9
Suppose 0 = 2583*g - 2633*g + 500. Let c(i) = i**3 - 9*i**2 - i + 6. Let o be c(9). Let p = o + 5. Calculate the highest common factor of p and g.
2
Suppose -39*v + 117430 = 43018. Calculate the greatest common factor of 126 and v.
18
Suppose 2*v = 3*i - 68, 4*i + 3*v = 39 + 80. What is the greatest common factor of 2249 and i?
13
Let x be ((-5 - -1) + -633)/(1/(-2)). Let w = -1598 + 1611. Calculate the highest common factor of x and w.
13
Let a(n) = -12*n - 52. Let d be a(-15). Suppose -4*g - 2*j = -4*j - d, -j = 2. What is the highest common divisor of g and 155?
31
Suppose 4*b = -3*l + 191, 0 = -b + 10 - 14. Suppose -3*i + 217 - 38 = 2*g, i + 3*g - l = 0. Calculate the greatest common divisor of i and 513.
57
Let q = 496 + -432. Suppose 0 = 69*w - 73*w + q. What is the greatest common factor of 176 and w?
16
Let q be -6 - ((-8)/(-1) - 43). Suppose -2*f + 752 = -2*v, -23 - 349 = -f + 5*v. Calculate the greatest common factor of q and f.
29
Let q be (-20)/20*(0 - 35). Suppose 30*c - q*c = -120. Calculate the highest common factor of c and 12.
12
Let x be (86/(-1677))/((-4)/6) + (-17157)/(-39). What is the greatest common factor of x and 1280?
40
Let q = 460 - 761. Let l = q - -326. What is the highest common factor of l and 10?
5
Let g be 1*((2 - 7/2) + (-10445)/(-10)). Calculate the greatest common factor of 28 and g.
7
Let p(m) = -7*m - 3. Let w be p(-4). Let z = 56660 - 56135. Calculate the highest common factor of w and z.
25
Let y be (-1298)/(-10) - (-3)/((-120)/32). Let w = y + -66. What is the highest common divisor of w and 21?
21
Let m(p) be the first derivative of 13*p**2/2 + 121*p + 53. Let h be m(-5). Calculate the greatest common factor of h and 14.
14
Let n be (-21)/(6*6/(-48)). What is the highest common divisor of n and 231?
7
Let p = -424 - -426. Suppose n - p*a = 42, -3*n + 146 = -6*a + 10*a. Let i be (-2)/8 + 922/8. Calculate the greatest common factor of n and i.
23
Let u be -2177*12/(-84) - 5. Calculate the greatest common divisor of 18 and u.
18
Let c(j) = 253*j**3 - 6*j**2 + 3*j + 3. Suppose -41 = -15*f - 26. Let o be c(f). What is the highest common divisor of o and 23?
23
Let u be ((-16)/(-4) - 4)/(4 - 1). Suppose u = 29*f - 27*f - 24. Suppose f*s = 8*s + 700. What is the greatest common divisor of 25 and s?
25
Let b(p) = p**2 - 32*p + 204. Let y be b(25). What is the highest common factor of y and 1856?
29
Suppose 0 = -35*l - 91914 + 369744. Calculate the highest common factor of 189 and l.
189
Let b = 229 + -92. Let d = 229 - b. Calculate the greatest common factor of 115 and d.
23
Let l = -78 - -81. Suppose -6 = -h + l. Suppose -84 - 15 = -h*m. What is the greatest common divisor of m and 143?
11
Let h(f) = 9*f + 26. Let v be h(-5). Let g(j) = 2*j**2 + 36*j - 36. Let i be g(v). Calculate the highest common divisor of i and 3.
1
Let f = -6828 + 7003. Calculate the greatest common divisor of f and 4425.
25
Let l = -8309 - -8337. Calculate the highest common factor of 12124 and l.
28
Suppose -81 = l - 2*t, 4*t = 2*l + l + 249. Let a = l - -114. What is the greatest common divisor of 270 and a?
27
Let f be 55*(-36)/660*-33. Let n be (2/(-4))/(1/(-10)). Suppose -2*h + 12 = -0*a + 2*a, -n*a = -3*h - 54. What is the highest common factor of f and a?
9
Suppose 1470 = -57*w + 3693. Suppose -17*r + 13531 = 4470. What is the highest common divisor of r and w?
13
Let y = 4448 - 3984. Calculate the greatest common divisor of 3190 and y.
58
Let f = 8199 - 4464. What is the highest common divisor of 45 and f?
45
Let n = -631 - -639. Suppose -n*p + 2216 - 2192 = 0. What is the greatest common factor of p and 78?
3
Let n(o) = o + 3. Let v be n(-3). Suppose -q + 25 = -v*q. Suppose -5*b + 3*j + 58 = 0, 2*b + 162 - 216 = 4*j. Calculate the highest common factor of b and q.
5
Suppose -5*y = d - 317, -25*y = -4*d - 22*y + 1429. Calculate the greatest common factor of 1952 and d.
32
Let d(t) = -4*t**2 + 72*t - 39. Let b be d(17). Let c(q) = -q**3 + 16*q**2 - 20*q + 14. Let v be c(13). Calculate the greatest common divisor of b and v.
29
Let f(g) = 7*g**2 - 4*g - 5. Let k(l) = 6*l**2 - 4*l - 4. Let q(u) = -5*f(u) + 6*k(u). Let z be q(-1). Calculate the highest common divisor of z and 15.
3
Let u be (-90)/(7 + 5943/(-840)). Calculate the highest common divisor of u and 1225.
25
Let v = 376 - 256. Let w = 125 - v. Let b(n) = -n**2 - 8*n - 2. Let z be b(-6). What is the greatest common factor of z and w?
5
Let s(b) = -b**2 - 75*b - 491. Let z be s(-25). Calculate the highest common divisor of z and 46.
23
Suppose 14*v - 548 = 11*v - p, 730 = 4*v + p. Calculate the highest common factor of v and 416.
26
Let b = 260 - -471. Let t = 2212 - 2195. Calculate the highest common divisor of t and b.
17
Let d = 282 - 117. Suppose -8*q + 37*q - 783 = 0. Suppose -368 = -q*i + 37. Calculate the greatest common divisor of d and i.
15
Suppose -3 = -2*f + 1, 5*k = 5*f + 55. Let r be (-1 - 1) + 0 + (-12 - -15). Calculate the highest common divisor of k and r.
1
Suppose 2*d = d + 8. Suppose 2*h = 5*z - 1006, -261*z + 791 = -257*z + 3*h. What is the greatest common factor of d and z?
8
Suppose 0*o - 4*o + 236 = 0. Suppose o = -4*i + 267. Suppose 4*d - 5*r - i = 0, -2*r - 48 = 5*d - 10*d. What is the greatest common divisor of d and 24?
8
Suppose q - 2*i - 1219 + 307 = 0, 5*i + 1828 = 2*q. What is the highest common divisor of q and 1017?
113
Suppose 32 = -7*z - 31. Let h(f) = f**2 + 5*f + 20. Let t be h(z). Let b = -29 + t. What is the greatest common factor of b and 36?
9
Suppose 609 = 36*w + 56*w - 8223. Calculate the greatest common factor of w and 2928.
48
Let m = 12 - -60. Let a be 1626/(-27) + 48/216. Let f be (a/36)/(25/(-120)). Calculate the greatest common divisor of m and f.
8
Let r be (3 - (-9)/((-27)/12)) + 3. Suppose -3*p = -r*l + 7*l - 443, 3*p = 2*l - 194. Calculate the greatest common factor of 39 and l.
13
Let h(i) = i**2 - 18*i + 18. Let v be h(17). Let y be (v - 1 - -152)/((-20)/(-70)). Suppose -8*d - y = -22*d. What is the greatest common factor of 57 and d?
19
Suppose -3*f = -12, -32*f + 34*f - 232 = -2*l. Calculate the highest common divisor of l and 76.
4
Suppose 6*y + 1195 = 4123. Let g(v) = -22*v**3 + 3*v**2 - 5. Let i be g(-2). Calculate the highest common divisor of i and y.
61
Suppose 176*w - 190*w + 196 = 0. Suppose -5*f + w*f - 1044 = 0. What is the highest common divisor of 203 and f?
29
Let w = 1999 + -1959. What is the greatest common factor of w and 1340?
20
Let f(u) = 886*u**2 - 37*u + 9. Let w be f(2). Calculate the highest common divisor of w and 49.
49
Let l be -4 + (2284/(-14) - 10/(-70))*-1. Calculate the greatest common divisor of 689 and l.
53
Let k(c) = 10 + 12 + 5*c - 3 - 6. Let r be k(7). Suppose 0 = -8*x - 3 + 99. Calculate the greatest common divisor of x and r.
12
Let l(n) = 85*n**3 - 37*n**2 - 55*n + 7. Let s be l(7). What is the greatest common divisor of s and 378?
126
Let t = -1323 + 1337. Let y(v) = -21*v - 28. Let o be y(-15). Calculate the greatest common factor of t and o.
7
Let m = 107 - 27. Suppose d = 6*d - m. Suppose 182*o - 123*o = 2655 + 1121. Calculate the greatest common divisor of o and d.
16
Suppose 68 = 4*x + 28. Suppose 3*p + p = -n + 2915, 4*p - 2910 = -2*n. What is the highest common factor of x and p?
10
Let x be 0/((-7)/1 + 5). Suppose x = -y + 2*c + 8 - 7, 5*y = -2*c + 5. What is the highest common factor of y and 24?
1
Suppose -p + 5*j + 6 + 1 = 0, -5*p - 4*j = -6. Let r = 47494 + -47480. Calculate the greatest common factor of r and p.
2
Suppose b + 292*x = 293*x + 138, -4*b + 3*x + 546 = 0. Calculate the greatest common factor of 636 and b.
12
Let p = -7407 + 